{"id":309,"date":"2024-04-05T21:30:25","date_gmt":"2024-04-05T19:30:25","guid":{"rendered":"https:\/\/www.upre.gob.bo\/?page_id=309"},"modified":"2025-12-29T13:50:34","modified_gmt":"2025-12-29T17:50:34","slug":"declaracion-de-la-mision-vision-valores-y-principios-de-la-entidad","status":"publish","type":"page","link":"https:\/\/www.upre.gob.bo\/index.php\/declaracion-de-la-mision-vision-valores-y-principios-de-la-entidad\/","title":{"rendered":"Misi\u00f3n, Visi\u00f3n, Valores y Principios de la Entidad"},"content":{"rendered":"\n<p><\/p>\n\n\n\n<h2 class=\"wp-block-heading\">Misi\u00f3n<\/h2>\n\n\n\n<p>Coadyuvar en la mejora de la calidad de vida de las y los bolivianos, con la implementacion de programas y proyectos sociales, productivos, de fortalecimiento institucional entre otros.<\/p>\n\n\n\n<h2 class=\"wp-block-heading\">Visi\u00f3n<\/h2>\n\n\n\n<p>Cumplir con las pol\u00edticas de financiamiento de proyectos en las \u00e1reas de salud, deportes,<br>educaci\u00f3n, infraestructura social, productiva e infraestructura vial aprobados por<br>presidencia, garantizando la ejecuci\u00f3n f\u00edsica financiera de los mismos.<\/p>\n\n\n\n<p><\/p>\n","protected":false},"excerpt":{"rendered":"<p>Misi\u00f3n Coadyuvar en la mejora de la calidad de vida de las y los bolivianos, con la implementacion de programas y proyectos sociales, productivos, de fortalecimiento institucional entre otros. Visi\u00f3n Cumplir con las pol\u00edticas de financiamiento de proyectos en las \u00e1reas de salud, deportes,educaci\u00f3n, infraestructura social, productiva e infraestructura vial aprobados porpresidencia, garantizando la ejecuci\u00f3n [&hellip;]<\/p>\n","protected":false},"author":1,"featured_media":0,"parent":0,"menu_order":0,"comment_status":"closed","ping_status":"closed","template":"","meta":{"_acf_changed":false,"footnotes":""},"class_list":["post-309","page","type-page","status-publish","hentry"],"acf":[],"_links":{"self":[{"href":"https:\/\/www.upre.gob.bo\/index.php\/wp-json\/wp\/v2\/pages\/309","targetHints":{"allow":["GET"]}}],"collection":[{"href":"https:\/\/www.upre.gob.bo\/index.php\/wp-json\/wp\/v2\/pages"}],"about":[{"href":"https:\/\/www.upre.gob.bo\/index.php\/wp-json\/wp\/v2\/types\/page"}],"author":[{"embeddable":true,"href":"https:\/\/www.upre.gob.bo\/index.php\/wp-json\/wp\/v2\/users\/1"}],"replies":[{"embeddable":true,"href":"https:\/\/www.upre.gob.bo\/index.php\/wp-json\/wp\/v2\/comments?post=309"}],"version-history":[{"count":18,"href":"https:\/\/www.upre.gob.bo\/index.php\/wp-json\/wp\/v2\/pages\/309\/revisions"}],"predecessor-version":[{"id":17840,"href":"https:\/\/www.upre.gob.bo\/index.php\/wp-json\/wp\/v2\/pages\/309\/revisions\/17840"}],"wp:attachment":[{"href":"https:\/\/www.upre.gob.bo\/index.php\/wp-json\/wp\/v2\/media?parent=309"}],"curies":[{"name":"wp","href":"https:\/\/api.w.org\/{rel}","templated":true}]}}